, 53, 127
What are the prime factors of 319784956?
2, 59, 1355021
What are the prime factors of 1378359480?
2, 3, 5, 1087, 10567
List the prime factors of 60060092.
2, 241, 62303
List the prime factors of 76143953.
76143953
What are the prime factors of 156967965?
3, 5, 7, 11, 89, 509
List the prime factors of 3778420407.
3, 137, 389, 23633
List the prime factors of 66295469.
71, 933739
What are the prime factors of 3391809446?
2, 1695904723
List the prime factors of 1567658317.
1637, 957641
What are the prime factors of 89570320?
2, 5, 7, 307, 521
What are the prime factors of 1383565111?
17, 1109, 73387
What are the prime factors of 27201035?
5, 157, 34651
List the prime factors of 275025914.
2, 331, 415447
What are the prime factors of 110890289?
19, 373, 15647
What are the prime factors of 324724706?
2, 19, 8545387
List the prime factors of 4068900124.
2, 16139, 63029
List the prime factors of 522196615.
5, 104439323
What are the prime factors of 291544997?
53, 79, 179, 389
List the prime factors of 80385910.
2, 5, 11, 730781
List the prime factors of 80563962.
2, 3, 179, 75013
List the prime factors of 54987554.
2, 17, 97, 16673
What are the prime factors of 71847119?
31, 89, 26041
List the prime factors of 757816165.
5, 151563233
What are the prime factors of 34490389?
41, 101, 8329
List the prime factors of 2884390071.
3, 31, 151, 205397
List the prime factors of 6600846059.
227, 29078617
What are the prime factors of 1115684416?
2, 7, 11, 226397
What are the prime factors of 3809555474?
2, 1904777737
What are the prime factors of 39463091?
127, 310733
What are the prime factors of 5352819938?
2, 167, 179, 89533
What are the prime factors of 138700553?
83, 971, 1721
List the prime factors of 2401568156.
2, 13, 19, 1129, 2153
What are the prime factors of 1522650840?
2, 3, 5, 12688757
List the prime factors of 569859278.
2, 17, 997, 16811
What are the prime factors of 5482903985?
5, 13, 43, 1961683
List the prime factors of 39177278.
2, 7, 19, 147283
What are the prime factors of 14759101?
7, 2108443
List the prime factors of 471038824.
2, 107, 550279
What are the prime factors of 48602975?
5, 179, 10861
What are the prime factors of 363352590?
2, 3, 5, 109, 37039
What are the prime factors of 987541727?
29, 1174247
What are the prime factors of 203853365?
5, 31, 1315183
What are the prime factors of 33254134?
2, 31, 536357
What are the prime factors of 8635557?
3, 7, 19, 23, 941
List the prime factors of 582015075.
3, 5, 1291, 6011
List the prime factors of 138527939.
11, 73, 15683
List the prime factors of 63622943.
31, 37, 55469
List the prime factors of 151991045.
5, 30398209
What are the prime factors of 72722495?
5, 2293, 6343
List the prime factors of 36424966.
2, 109, 167087
What are the prime factors of 4938771799?
13, 4049, 93827
What are the prime factors of 42211055?
5, 53, 159287
List the prime factors of 40266716.
2, 7, 1438097
What are the prime factors of 2467143789?
3, 11, 74761933
List the prime factors of 37675776.
2, 3, 49057
List the prime factors of 81146185.
5, 17, 23, 41507
List the prime factors of 2231279484.
2, 3, 7, 89, 6091
List the prime factors of 87904722.
2, 3, 17, 79, 10909
List the prime factors of 9872138.
2, 17, 103, 2819
What are the prime factors of 386103914?
2, 7, 139, 198409
What are the prime factors of 1512813076?
2, 359, 1053491
List the prime factors of 1258474695.
3, 5, 547, 153379
What are the prime factors of 297643764?
2, 3, 11, 41, 43, 1279
What are the prime factors of 73979441?
73, 103, 9839
What are the prime factors of 38620295?
5, 7, 1103437
List the prime factors of 305349187.
11, 13, 194119
List the prime factors of 190846140.
2, 3, 5, 3180769
List the prime factors of 53522349.
3, 397, 44939
List the prime factors of 10489132.
2, 2622283
List the prime factors of 928273127.
761, 1219807
What are the prime factors of 3546845593?
59, 499, 120473
List the prime factors of 420844699.
11, 19, 59, 34129
What are the prime factors of 5848819?
5848819
List the prime factors of 129977459.
113, 1150243
List the prime factors of 9969953.
7, 883, 1613
What are the prime factors of 54458135?
5, 23, 473549
List the prime factors of 40083112.
2, 23, 179, 1217
What are the prime factors of 1217034665?
5, 7, 11, 3161129
List the prime factors of 40283595.
3, 5, 11, 27127
List the prime factors of 17679666.
2, 3, 2946611
What are the prime factors of 2002801405?
5, 11, 1399, 26029
List the prime factors of 146623777.
146623777
What are the prime factors of 26832866?
2, 2671, 5023
What are the prime factors of 5686163?
7, 812309
What are the prime factors of 61121062?
2, 19, 1608449
What are the prime factors of 528880904?
2, 66110113
What are the prime factors of 48020364?
2, 3, 7, 31, 683
What are the prime factors of 144602119?
17, 911, 9337
What are the prime factors of 550310372?
2, 137577593
What are the prime factors of 17876518?
2, 11, 97, 8377
What are the prime factors of 419237893?
31, 59, 229217
What are the prime factors of 268454904?
2, 3, 1637, 6833
List the prime factors of 991672533.
3, 110185837
What are the prime factors of 51162617?
11, 31, 59, 2543
What are the prime factors of 419111987?
7, 37, 59, 27427
List the prime factors of 32509856.
2, 23, 44171
What are the prime factors of 4436896?
2, 61, 2273
What are the prime factors of 36930028?
2, 9232507
List the prime factors of 4569583435.
5, 37, 197, 125383
What are the prime factors of 54395959?
83, 655373
List the prime factors of 3431856728.
2, 73, 151, 38917
List the prime factors of 7775285.
5, 7, 222151
What are the prime factors of 15992919?
3, 61, 29131
What are the prime factors of 511665682?
2, 11, 23, 61, 137
What are the prime factors of 274529631?
3, 29, 3155513
What are the prime factors of 2057044117?
67, 659, 46589
List the prime factors of 31752983.
41, 774463
What are the prime factors of 4777574586?
2, 3, 19, 1867, 22447
List the prime factors of 520740498.
2, 3, 17, 5105299
What are the prime factors of 319904124?
2, 3, 26658677
List the prime factors of 1183365485.
5, 236673097
What are the prime factors of 69799449?
3, 43, 199, 2719
What are the prime factors of 49213759?
7, 17, 277, 1493
What are the prime factors of 347561414?
2, 19, 481387
List the prime factors of 49901944.
2, 89, 109, 643
List the prime factors of 85181469.
3, 71, 399913
What are the prime factors of 874573079?
6961, 125639
What are the prime factors of 2216131450?
2, 5, 13, 59, 57787
What are the prime factors of 938195332?
2, 234548833
List the prime factors of 226977644.
2, 2617, 21683
List the prime factors of 838336775.
5, 23, 53, 27509
List the prime factors of 3840899157.
3, 426766573
What are the prime factors of 74743820?
2, 5, 41, 91151
What are the prime factors of 250277981?
41, 1321, 4621
What are the prime factors of 24217214?
2, 7, 17, 97, 1049
What are the prime factors of 123879914?
2, 239, 259163
What are the prime factors of 63355023?
3, 7039447
What are the prime factors of 60754905?
3, 5, 409, 3301
List the prime factors of 3985448300.
2, 5, 277, 143879
What are the prime factors of 43140233?
43140233
What are the prime factors of 6227647414?
2, 59, 52776673
List the prime factors of 97450550.
2, 5, 61, 89, 359
List the prime factors of 82181830.
2, 5, 643, 12781
What are the prime factors of 267874525?
5, 17, 41, 15373
List the prime factors of 72737686.
2, 7, 5195549
What are the prime factors of 35200472?
2, 17, 258827
What are the prime factors of 62186270?
2, 5, 37, 168071
What are the prime factors of 634972039?
13, 19, 31, 6379
List the prime factors of 843373642.
2, 71, 269, 22079
List the prime factors of 117048346.
2, 73, 801701
What are the prime factors of 7562601298?
2, 7, 4027, 19163
List the prime factors of 623247748.
2, 79, 1031, 1913
List the prime factors of 380332602.
2, 3, 13, 17, 67, 1427
List the prime factors of 144273249.
3, 37, 433253
What are the prime factors of 1688317271?
239, 7064089
What are the prime factors of 516531057?
3, 7, 53, 464089
What are the prime factors of 1383491196?
2, 3, 38430311
What are the prime factors of 16014658?
2, 11, 727939
What are the prime factors of 25560518?
2, 379, 33721
What are the prime factors of 650712231?
3, 13, 71, 26111
What are the prim